Convert -8663553 (base 9) to base 5.
-2142212303
Convert -81cc3 (base 14) to base 9.
-525717
What is -26543c (base 13) in base 15?
-13440e
What is -42a686 (base 14) in base 2?
-1000100110111111011110
What is 1012332103 (base 4) in base 16?
46f93
-2221200121021 (base 3) to base 4
-11332330012
Convert 211214031 (base 5) to base 14.
18d7dd
Convert -2670375 (base 9) to base 12.
-5a6a72
What is 111222211222 (base 3) in base 9?
458758
-103303122320 (base 4) to base 2
-10011110011011010111000
Convert -22210203003 (base 4) to base 5.
-1202134024
What is 6756665 (base 8) in base 6?
103050433
What is 25714 (base 12) in base 15?
10241
-112614512 (base 7) to base 3
-111001000010112
-6500054 (base 8) to base 9
-3236330
312121213 (base 5) to base 15
1a5ea8
What is -8469a (base 16) in base 12?
-221a4a
-11000100011010001 (base 2) to base 10
-100561
-1165 (base 11) to base 6
-11015
-92004 (base 12) to base 8
-563204
What is -c27a (base 13) in base 11?
-19157
What is 324610 (base 10) in base 7?
2521246
3e826 (base 15) to base 9
335600
What is -159ddd3 (base 15) in base 9?
-32463720
Convert -10110010011100010010 (base 2) to base 4.
-2302130102
What is -2012404 (base 6) in base 13?
-34432
What is -3281277 (base 9) in base 7?
-21003211
-85400 (base 12) to base 2
-101010110000000000
What is -2142001 (base 6) in base 11?
-73195
101010110101110 (base 2) to base 7
120643
Convert 15214 (base 14) to base 12.
264aa
What is -131618 (base 14) in base 7?
-5404331
Convert 47b968 (base 12) to base 2.
100011011011010100000
15142526 (base 7) to base 8
5372656
4303321234 (base 5) to base 6
521445233
-4484 (base 10) to base 5
-120414
What is -195a64 (base 15) in base 4?
-10231110223
Convert -33434011 (base 5) to base 14.
-79cc3
Convert -231414243 (base 5) to base 8.
-3770724
What is -51888 (base 10) in base 16?
-cab0
What is -251337 (base 8) in base 11?
-5a1a5
Convert -9b3c3 (base 13) to base 8.
-1046432
Convert -1927146 (base 10) to base 12.
-78b2b6
Convert 165373 (base 10) to base 11.
10327a
Convert -32103211 (base 4) to base 2.
-1110010011100101
450410530 (base 6) to base 7
126165045
Convert -1240203320 (base 6) to base 15.
-142cdcc
Convert 1020021212221122 (base 3) to base 5.
14012132133
What is -3234412 (base 6) in base 10?
-160424
668773 (base 10) to base 6
22200101
What is 1201100001 (base 3) in base 5?
2040103
Convert 1732183 (base 10) to base 5.
420412213
-14022010 (base 5) to base 10
-142130
558528 (base 12) to base 14
276716
Convert 233144301 (base 5) to base 14.
1db67b
Convert -8a34 (base 12) to base 2.
-11101111001000
110434412 (base 6) to base 12
802a08
-1130210231 (base 4) to base 9
-637122
Convert -15223285 (base 9) to base 8.
-34710474
What is -202110221122211 (base 3) in base 4?
-221201022022
What is 307678 (base 11) in base 16?
786e1
What is 2749917 (base 10) in base 6?
134535033
-3cc081 (base 14) to base 6
-113100545
-10234001 (base 5) to base 16
-152df
What is 5a892 (base 12) in base 11?
83911
11301001012 (base 4) to base 9
2753337
122122112120 (base 3) to base 10
347397
Convert 23a372 (base 12) to base 9.
1070365
Convert -59a923 (base 13) to base 14.
-3d8b34
Convert -28a74 (base 14) to base 13.
-36b95
What is -10b09 (base 16) in base 3?
-10110202220
177a95 (base 16) to base 3
2220011201020
Convert f92c7 (base 16) to base 2.
11111001001011000111
Convert 482cba (base 15) to base 5.
1340432000
-1861ba (base 16) to base 8
-6060672
3221404 (base 5) to base 16
d54c
Convert -1110000011110100 (base 2) to base 3.
-2220222220
-132212103 (base 5) to base 7
-5432056
Convert 5900f (base 16) to base 3.
200112002012
Convert 86184 (base 10) to base 13.
302c7
Convert 806aa (base 11) to base 8.
346326
610aa8 (base 12) to base 9
2758532
What is 17abb6 (base 14) in base 16?
cc38c
What is 114993 (base 12) in base 14?
733b1
Convert 11517 (base 9) to base 15.
2441
What is -131430145 (base 6) in base 12?
-a55355
Convert 34305300 (base 7) to base 16.
2dad64
4e9784 (base 16) to base 7
61531213
What is -101110100101100010000 (base 2) in base 11?
-952a08
Convert 5382c (base 13) to base 14.
3cd46
Convert 2002311122 (base 4) to base 16.
82d5a
Convert -10352447 (base 8) to base 2.
-1000011101010100100111
Convert 345501 (base 8) to base 10.
117569
Convert a0224 (base 11) to base 16.
23cf6
217d9 (base 14) to base 13
2ac16
-8141527 (base 11) to base 5
-12141102233
Convert 10111110100110111 (base 2) to base 3.
11221212111
4104403 (base 5) to base 6
1230340
What is -4169b (base 12) in base 8?
-247227
Convert -eeee95 (base 15) to base 9.
-23380785
Convert -10201102101210 (base 3) to base 12.
-7b3a56
Convert 5433 (base 16) to base 12.
10583
-1334444013 (base 5) to base 13
-934771
b80128 (base 12) to base 10
2903216
Convert -740522 (base 10) to base 5.
-142144042
-10222112022 (base 4) to base 16
-12a58a
What is eb92d (base 15) in base 8?
2664647
1950359 (base 14) to base 11
71005a6
-42151324 (base 6) to base 8
-4535604
What is -75c (base 16) in base 6?
-12420
What is 331300233 (base 4) in base 5?
31043400
-5a6fe (base 16) to base 2
-1011010011011111110
Convert 11231202311 (base 4) to base 13.
405677
What is 12c30a (base 13) in base 12?
19b594
Convert -1265a9b (base 15) to base 2.
-110010011110100100001100
What is -5526003 (base 9) in base 4?
-23111011131
273617 (base 8) to base 10
96143
-1765848 (base 11) to base 13
-80ac76
-20000222 (base 4) to base 7
-164441
What is -140341434 (base 5) in base 2?
-10101110100111101100
-10041503 (base 6) to base 4
-1011231033
What is 33895 (base 14) in base 7?
1030645
-10142101 (base 7) to base 14
-182038
Convert -3d85 (base 14) to base 8.
-25221
What is 3854 (base 14) in base 13?
4657
What is -50935a (base 14) in base 16?
-296b74
5a4b84 (base 13) to base 12
879a26
1011110101000001111110 (base 2) to base 16
2f507e
What is 2110112313 (base 4) in base 3?
1010212120100
1404112304 (base 5) to base 8
15524374
What is 264cc3 (base 13) in base 2?
11100001110011111111
Convert 54590 (base 13) to base 4.
211033223
Convert 637995 (base 13) to base 3.
11101101210110
-189885 (base 11) to base 12
-120643
What is -2633421 (base 8) in base 2?
-10110011011100010001
-343242444 (base 5) to base 14
-2c150a
-731a0 (base 11) to base 10
-106711
What is 510129 (base 10) in base 15?
a1239
-53a30 (base 16) to base 11
-214423
What is 4322633 (base 10) in base 5?
2101311013
Convert -1344210 (base 6) to base 12.
-38066
Convert -1692a (base 11) to base 3.
-1012120120
What is -8de03 (base 15) in base 16?
-6e5bc
10010010101100101111 (base 2) to base 9
1115223
a8aa9 (base 11) to base 8
465263
41504013 (base 8) to base 7
134640344
-222022020121 (base 3) to base 13
-151894
Convert 234ae (base 16) to base 13.
50a4b
What is 282434 (base 13) in base 6?
32531215
What is -5f318 (base 16) in base 10?
-389912
What is -2443034 (base 7) in base 12?
-1312a8
-444061 (base 7) to base 3
-10222100001
Convert -10201221101220 (base 3) to base 14.
-39a0b9
What is -10000111100100011011001 (base 2) in base 11?
-2564651
What is 320032300 (base 4) in base 8?
701660
Convert 11020002002 (base 3) to base 15.
19992
1013027 (base 8) to base 16
41617
Convert -22732 (base 13) to base 6.
-1202244
236156 (base 8) to base 9
133106
Convert 11101001100001010 (base 2) to base 7.
1005402
-1301330010 (base 4) to base 8
-1617404
2015435 (base 8) to base 9
888634
140577 (base 9) to base 13
30067
-7b9b33 (base 12) to base 8
-7451027
What is -111212121001 (base 3) in base 5?
-32214304
1006054 (base 7) to base 10
119746
-1c06c0 (base 13) to base 12
-2a5a77
Convert 2d590 (base 15) to base 13.
51825
What is 300121020 (base 4) in base 3?
101001220100
-144230320 (base 5) to base 10
-773835
-2a32 (base 16) to base 11
-8130
421627 (base 9) to base 14
67450
Convert -53221413 (base 6) to base 12.
-631869
4879a5 (base 16) to base 6
245445301
-20202020201 (base 3) to base 8
-403373
What is 331369 (base 10) in base 16?
50e69
1004125 (base 7) to base 13
42289
What is 22120200101 (base 3) in base 16?
293bf
What is 11dbba (base 15) in base 9?
1544834
What is -256626 (base 13) in base 8?
-3335043
What is -120214445 (base 7) in base 12?
-25b307b
1110010010110010100100 (base 2) to base 11
212a186
-85c02 (base 16) to base 15
-ac4cc
Convert 3023859 (base 10) to base 14.
589dbd
Convert -252413320 (base 6) to base 2.
-10010101000101110010000
What is -2